31?
16
Suppose 0 = -3*q - 4*v - 13, q - 5*q + v = 11. Let a be 384/q*2/(-4). Suppose -u - a + 231 = 0. Calculate the remainder when u is divided by 42.
41
Calculate the remainder when 129 is divided by ((-32)/112)/(8/(-448)).
1
Let p = -26 + 49. Let y(l) = l**3 + 10*l**2 + 8*l - 4. What is the remainder when p is divided by y(-9)?
3
Let s = -1330 + 9980. Calculate the remainder when s is divided by 17.
14
Suppose -5*c = 4*n - 184, -5*c + n + 55 = -99. What is the remainder when 208 is divided by c?
16
Let t(f) = -f**3 + 9*f**2 - 4*f - 1. Let k be t(4). Let v be (-3627)/k + 6/(-14). Let r = 40 - v. What is the remainder when r is divided by 34?
30
Let w(a) = 6*a - 52. Let y be w(0). What is the remainder when 101 is divided by 1/((-1 + -1)/y)?
23
Let u be ((-26)/(-12) + (-4)/6)*2. Let q be ((-114)/10)/(1/(-5)). Suppose -2*s + u*f = -67 - q, -2*s + 116 = -f. What is the remainder when s is divided by 20?
16
Suppose -35*n - 11*n - 11231 = -36807. Calculate the remainder when n is divided by 150.
106
Let c be 7/((-7)/(-64))*1. Suppose -2*x - 5*y = -40 + 11, -4*x + c = 4*y. What is the remainder when 354 is divided by x?
14
Let k = 207 + -145. Calculate the remainder when k is divided by (-4)/(-9) + -5 + (-690)/(-27).
20
Let s(w) = 379*w + 12142. Let n = 83 - 40. What is the remainder when n is divided by s(-32)?
1
Let w(h) = -2*h**3 - 5*h**2 - 1. Let a = -1967 - -1979. What is the remainder when w(-4) is divided by a?
11
Let w(u) = -26*u - 24 + 15*u + 0*u. Let q be w(4). Let r = 93 + q. What is the remainder when 73 is divided by r?
23
Suppose -2*n - 5*j = -22, 118 = 5*n - 5*j + 28. Suppose 0 = -4*z + 2*k + 134, 0*k + 103 = 3*z - 2*k. What is the remainder when z is divided by n?
15
Let u be (40/(-60))/((-2)/231). Let a = u + -70. Let d(z) = 4*z - 7. Calculate the remainder when a is divided by d(3).
2
Suppose -4*g - 3014 = -i, i - 366*g + 363*g - 3007 = 0. What is the remainder when i is divided by 61?
58
Suppose 0 = 3*z - 18, -11*z + 16*z + 7594 = 2*r. Calculate the remainder when r is divided by 35.
32
Suppose -1258*p + 1261*p = -i + 159, 332 = 2*i - p. Calculate the remainder when i is divided by 42.
39
Calculate the remainder when 2225 is divided by (680/(-50) + 8)/((-4)/10).
13
Suppose -2*i - 3875 = -5*a, -5*a - 2*i + 2834 + 1061 = 0. What is the remainder when a is divided by 257?
6
Let k = 4323 + -4288. Calculate the remainder when 199 is divided by k.
24
Suppose 58*x - 612 = 92*x. Calculate the remainder when (x/9)/2*-230 is divided by 79.
72
What is the remainder when -4 - (-2 - 3 - 678) is divided by 38?
33
Let m = -3060 - -3213. What is the remainder when m is divided by 54?
45
Let n = 62 - 40. Suppose 27*t - 61*t = -4012. What is the remainder when t is divided by n?
8
Suppose -148*v = -103*v - 467 - 361 - 522. Let m = 384 + -225. What is the remainder when m is divided by v?
9
Let o(c) = -6*c**3 - c**2 - c - 6. Let l be o(3). What is the remainder when 4/(5/l*-8) is divided by 10?
8
Let d(m) = -76*m + 99*m - 15 - 7. Suppose -9 = -p - 3. Calculate the remainder when d(p) is divided by 39.
38
Let n be -2 - 294/(-12)*20. Suppose 2 = 14*t - n. Calculate the remainder when 172 is divided by t.
32
Suppose -46*u - u + 457230 = -212708. What is the remainder when u is divided by 27?
25
Suppose -n + 9 - 6 = 0. Suppose n*y - 5*y = -4*z - 32, 0 = y - z - 14. What is the remainder when 33 is divided by y?
9
Let s = 121 + -117. Suppose -3*l + 5*l - 4 = 0, 0 = -s*o - 3*l + 434. Let k = o + -65. What is the remainder when 251 is divided by k?
41
Let d(a) = -20*a**2 - 1863*a - 98. What is the remainder when d(-93) is divided by 131?
50
Let w = 2988 - 2845. Suppose b = -4*a + 102, 5*a + 0*b - 122 = -4*b. Calculate the remainder when w is divided by a.
13
Suppose -3*g + 20 = 2*g + x, x = 5*g - 20. Suppose -k = g*a - 148, 2*k + a - 316 = -3*a. Let c = k - 73. What is the remainder when c is divided by 33?
29
Suppose -3*a = 4*p - 71, -64*a - 20 = -68*a. Calculate the remainder when 583 is divided by p.
9
Suppose 2*o + b = -o + 112, -3*o + 108 = 3*b. What is the remainder when o is divided by 204/16 + (1 - (-6)/(-8))?
12
Suppose 231 = 2*w + 193. Let i be -2*12/8*-1. Suppose -i*a + 61 = w. Calculate the remainder when 40 is divided by a.
12
Let b(t) = -t**2 - 8*t + 11*t + 56*t**3 + 76*t**3 - 6*t + 4. Calculate the remainder when b(1) is divided by 17.
13
Suppose 193 = 2*k - 5*m, 2*k = 5*k + m - 298. Suppose -3*a - 6 = -k. What is the remainder when a is divided by 10?
1
Let t be (-12)/(-14) - (-6)/126*3. Let r(d) = 84*d**2 - 11*d + 11. What is the remainder when r(t) is divided by 17?
16
Suppose -5*n + 96 = -184. Suppose -4*k = -71 + 3. Suppose 2*t + 3*p = 50, 4*p - n = -3*t + k. Calculate the remainder when 73 is divided by t.
16
Let f(l) = l**3 - 33*l**2 + 222*l + 88. Calculate the remainder when 2023 is divided by f(10).
7
Suppose 4*m - 5*k - 189 = 0, 3*m = -m - 3*k + 213. What is the remainder when m is divided by 56/(-21)*((-45)/4 + 6)?
9
Suppose 135 = 13*b - 47 - 0. Suppose -4 = 3*r + 8. What is the remainder when b is divided by 3/r*24/(-2)?
5
Let p = 3 - -93. What is the remainder when p is divided by ((-106)/(-371))/((-4)/(-210))?
6
Suppose 2*k = -4*q + 100, k - q - 50 = -0*k. Suppose -3*s + r = 169, 4*r + 112 = -3*s - 37. Let b = -29 - s. What is the remainder when k is divided by b?
24
Let f(h) = h**2 - 6*h + 2464. Let v be f(0). Suppose -65*n = 319 - v. What is the remainder when 362 is divided by n?
32
What is the remainder when 307 is divided by (-24)/((-28)/7) - 6*88/(-6)?
25
Let y be 5/20 + 328/(-32). Let f(z) = -2*z**3 - z**2 + 70. Calculate the remainder when f(y) is divided by 27.
26
Let m be (0 - (6 + -4)) + -10. What is the remainder when 100 is divided by (-226)/m - 11/66*-1?
5
Suppose 4*l - 226 = -5*r - 34, 2*l = 3*r + 96. Calculate the remainder when 291/3 + -3 + -2 is divided by l.
44
Let l = -936 + 1381. Calculate the remainder when l is divided by 28/((-3)/((-12)/28) - 10/2).
11
What is the remainder when (-34)/2 - (-4104)/76 is divided by 14?
9
Let g be 1/4*-1 - (-37)/4. Suppose -g*k + 224 = -2*k. Suppose -k = -4*z + 5*v, -26 = -4*z + v + 22. Calculate the remainder when 63 is divided by z.
11
Suppose -22*c = -5*u - 26*c + 13, 4*u - 4*c = 32. What is the remainder when 1459 is divided by u?
4
Let t = -16618 - -16756. Calculate the remainder when 454 is divided by t.
40
Let o be (-8)/10*(-20)/8 + 18. Suppose 0 = -4*s - 0*s + o. What is the remainder when 90 is divided by -4 - s/(-10)*34?
12
Let d = -32 - -72. Suppose 4*m = -328 + d. What is the remainder when 2 + -4 - -3 - m is divided by 19?
16
Let n be (-10)/(-20)*(-1 - -3). Suppose n = l - 2. Suppose 10*o + l*a = 5*o + 496, -2*a = -5*o + 486. Calculate the remainder when o is divided by 20.
18
Suppose -2*z = 5*o - 505, -11*z + 13*z - 2*o - 470 = 0. Suppose -4*l + z = 8*l. Calculate the remainder when 32 is divided by l.
12
Suppose 22 = -2*o - 30. Let m = -12 + o. What is the remainder when 171 is divided by (166/4 - 0) + (-57)/m?
42
Suppose 6*x - 5*x - 6 = 0. Let p be (-6741)/(-15) + x/10 - 0. Suppose p = 18*q - 15*q. Calculate the remainder when q is divided by 38.
36
Suppose -4*b + b = -3*y - 84, 4*b + 2*y = 100. Calculate the remainder when 8550 is divided by b.
22
Calculate the remainder when 196 is divided by 3/(-18)*(13 - 199).
10
Let d = 80 - 123. Let h = -40 - d. Suppose 7*g - 5*g - l - 41 = 0, h*g = -3*l + 48. Calculate the remainder when g is divided by 5.
4
Let n(u) be the first derivative of -2*u**2 + 20*u - 5. Let g be n(5). Suppose g = -i + 28 - 23. What is the remainder when 14 is divided by i?
4
Let s(r) be the second derivative of r**5/20 - 7*r**4/12 + 5*r**3/6 + 7*r**2/2 - 5*r. Let o be s(6). What is the remainder when 39 is divided by (27 + 8)*2*o/5?
11
Suppose -4*g = -2*g + 4*p - 40, -5*g + 2*p = -40. Suppose -31*r + 156*r - 4077 = -328*r. What is the remainder when 5/(-25) + 402/g is divided by r?
4
Let y be -7 - (-8)/2 - 7. Let b(g) = g + 14. Let z be b(y). Suppose 0 = 4*q + v - 16, -z*q + 4 = -3*q - 3*v. What is the remainder when 15 is divided by q?
3
Let h = 11615 + -11323. Calculate the remainder when 469 is divided by h.
177
Let q(g) = -6*g - 123. Let a be q(-21). Suppose -a*y - 3*t = -75, 2*y + 4*t = -0*y + 46. What is the remainder when 53 is